{"id":21,"date":"2016-01-17T13:28:56","date_gmt":"2016-01-17T13:28:56","guid":{"rendered":"http:\/\/localhost\/wordpress\/freesia-empire\/?page_id=21"},"modified":"2019-10-02T20:11:40","modified_gmt":"2019-10-02T20:11:40","slug":"servicios-contables-y-fiscales","status":"publish","type":"page","link":"https:\/\/solucionescontablesmx.com\/index.php\/servicios-contables-y-fiscales\/","title":{"rendered":"Somos mas que contabilidad"},"content":{"rendered":"<div class=\"t pgm0 pgx0 pgh4 pgy2d pgff2 pgfs1 pgfc1 pgsc0 pgls0 pgws0\">\n<p><strong>CONTADORES <\/strong><strong>ASOCIADOS<\/strong>&nbsp; est\u00e1 conformado por especialistas con el compromiso de ofrecerle las mejores <strong>Soluciones Contables y Fiscales<\/strong> que se adapten a las necesidades de su empresa, brind\u00e1ndole una atenci\u00f3n personalizada y garantiz\u00e1ndole la tranquilidad de que sus obligaciones fiscales est\u00e9n realizadas en tiempo y forma de acuerdo a los lineamientos marcados por la autoridad, por lo que no buscamos clientes, buscamos socios de negocios para enfrentar esta era de cambios y avances tecnol\u00f3gicos<\/p>\n<p>Nos dirigimos a usted, empresario y\/o profesionista para ofrecerle nuestros servicios basados en la siguiente:<\/p>\n<p><strong><em><u>METODOLOGIA<\/u><\/em><\/strong><\/p>\n<p>1.- Un diagn\u00f3stico inicial como piedra angular de todo proyecto o programa de trabajo.<\/p>\n<p>2.- Presentaci\u00f3n de una propuesta, donde se detallan la naturaleza y alcances de nuestros servicios.<\/p>\n<p>3.- Reuniones de ajuste para precisar acuerdos de realizaci\u00f3n del trabajo a desarrollar.<\/p>\n<p>4.- Elaboraci\u00f3n de Contrato de Prestaci\u00f3n de Servicios donde se plasmaran los acuerdos y las condiciones del proyecto a desarrollar.<\/p>\n<p>5.- Implantaci\u00f3n del proyecto o programa conforme a los acuerdos tomados.<\/p>\n<p>6.- Informes peri\u00f3dicos de los avances, donde se detallan los trabajos que se encuentran en proceso o los ya concluidos.<\/p>\n<p>7.- Reuniones de evaluaci\u00f3n de resultados y de retroalimentaci\u00f3n.<\/p>\n<p>8.- Juntas de seguimiento.<\/p>\n<p>9.- Prevenci\u00f3n de los errores m\u00e1s comunes en las empresas que debe cuidar el empresario para evitar serios problemas ante la autoridad fiscal<\/p>\n<\/div>\n","protected":false},"excerpt":{"rendered":"<p>CONTADORES ASOCIADOS&nbsp; est\u00e1 conformado por especialistas con el compromiso de ofrecerle las mejores Soluciones Contables y Fiscales que se adapten a las necesidades de su empresa, brind\u00e1ndole una atenci\u00f3n personalizada y garantiz\u00e1ndole la tranquilidad de que sus obligaciones fiscales est\u00e9n realizadas en tiempo y forma de acuerdo a los lineamientos marcados por la autoridad, por lo que no buscamos clientes, buscamos socios de negocios para&hellip; <\/p>\n","protected":false},"author":1,"featured_media":387,"parent":0,"menu_order":0,"comment_status":"closed","ping_status":"closed","template":"","meta":{"footnotes":""},"class_list":["post-21","page","type-page","status-publish","has-post-thumbnail","hentry","clearfix"],"_links":{"self":[{"href":"https:\/\/solucionescontablesmx.com\/index.php\/wp-json\/wp\/v2\/pages\/21","targetHints":{"allow":["GET"]}}],"collection":[{"href":"https:\/\/solucionescontablesmx.com\/index.php\/wp-json\/wp\/v2\/pages"}],"about":[{"href":"https:\/\/solucionescontablesmx.com\/index.php\/wp-json\/wp\/v2\/types\/page"}],"author":[{"embeddable":true,"href":"https:\/\/solucionescontablesmx.com\/index.php\/wp-json\/wp\/v2\/users\/1"}],"replies":[{"embeddable":true,"href":"https:\/\/solucionescontablesmx.com\/index.php\/wp-json\/wp\/v2\/comments?post=21"}],"version-history":[{"count":4,"href":"https:\/\/solucionescontablesmx.com\/index.php\/wp-json\/wp\/v2\/pages\/21\/revisions"}],"predecessor-version":[{"id":417,"href":"https:\/\/solucionescontablesmx.com\/index.php\/wp-json\/wp\/v2\/pages\/21\/revisions\/417"}],"wp:featuredmedia":[{"embeddable":true,"href":"https:\/\/solucionescontablesmx.com\/index.php\/wp-json\/wp\/v2\/media\/387"}],"wp:attachment":[{"href":"https:\/\/solucionescontablesmx.com\/index.php\/wp-json\/wp\/v2\/media?parent=21"}],"curies":[{"name":"wp","href":"https:\/\/api.w.org\/{rel}","templated":true}]}}