{"id":26,"date":"2016-01-17T14:06:48","date_gmt":"2016-01-17T14:06:48","guid":{"rendered":"http:\/\/localhost\/wordpress\/freesia-empire\/?page_id=26"},"modified":"2019-10-07T02:33:14","modified_gmt":"2019-10-07T02:33:14","slug":"mision-y-vision","status":"publish","type":"page","link":"https:\/\/solucionescontablesmx.com\/index.php\/mision-y-vision\/","title":{"rendered":"Qui\u00e9nes somos"},"content":{"rendered":"<p><strong><img loading=\"lazy\" decoding=\"async\" class=\"alignnone size-full wp-image-268\" src=\"https:\/\/solucionescontablesmx.com\/wp-content\/uploads\/2018\/08\/slider-image-2.jpg\" alt=\"\" width=\"2400\" height=\"1200\"><\/strong><\/p>\n<p>Somos CONTADORES ASOCIADOS desde 1993 conformado por especialistas, con el compromiso de ofrecerle las mejores soluciones contables y fiscales para su empresa.<\/p>\n<h4><strong><br>Misi\u00f3n<\/strong><\/h4>\n<hr>\n<p>Permanecer como un despacho de contadores generando informaci\u00f3n confiable y oportuna para la toma de decisiones de nuestros clientes, as\u00ed como el cumplimiento de sus obligaciones fiscales en tiempo y forma de acuerdo a los lineamientos marcados por la autoridad.<\/p>\n<h5><strong>Visi\u00f3n<\/strong><\/h5>\n<hr>\n<p>Ser l\u00edderes en servicios contables y fiscales que superen las expectativas de nuestros clientes manteniendo altos est\u00e1ndares de calidad y servicio.<\/p>\n\n\n<p><\/p>\n","protected":false},"excerpt":{"rendered":"<p>Somos CONTADORES ASOCIADOS desde 1993 conformado por especialistas, con el compromiso de ofrecerle las mejores soluciones contables y fiscales para su empresa. Misi\u00f3n Permanecer como un despacho de contadores generando informaci\u00f3n confiable y oportuna para la toma de decisiones de nuestros clientes, as\u00ed como el cumplimiento de sus obligaciones fiscales en tiempo y forma de acuerdo a los lineamientos marcados por la autoridad. Visi\u00f3n Ser&hellip; <\/p>\n","protected":false},"author":1,"featured_media":268,"parent":0,"menu_order":0,"comment_status":"closed","ping_status":"closed","template":"","meta":{"footnotes":""},"class_list":["post-26","page","type-page","status-publish","has-post-thumbnail","hentry","clearfix"],"_links":{"self":[{"href":"https:\/\/solucionescontablesmx.com\/index.php\/wp-json\/wp\/v2\/pages\/26","targetHints":{"allow":["GET"]}}],"collection":[{"href":"https:\/\/solucionescontablesmx.com\/index.php\/wp-json\/wp\/v2\/pages"}],"about":[{"href":"https:\/\/solucionescontablesmx.com\/index.php\/wp-json\/wp\/v2\/types\/page"}],"author":[{"embeddable":true,"href":"https:\/\/solucionescontablesmx.com\/index.php\/wp-json\/wp\/v2\/users\/1"}],"replies":[{"embeddable":true,"href":"https:\/\/solucionescontablesmx.com\/index.php\/wp-json\/wp\/v2\/comments?post=26"}],"version-history":[{"count":19,"href":"https:\/\/solucionescontablesmx.com\/index.php\/wp-json\/wp\/v2\/pages\/26\/revisions"}],"predecessor-version":[{"id":427,"href":"https:\/\/solucionescontablesmx.com\/index.php\/wp-json\/wp\/v2\/pages\/26\/revisions\/427"}],"wp:featuredmedia":[{"embeddable":true,"href":"https:\/\/solucionescontablesmx.com\/index.php\/wp-json\/wp\/v2\/media\/268"}],"wp:attachment":[{"href":"https:\/\/solucionescontablesmx.com\/index.php\/wp-json\/wp\/v2\/media?parent=26"}],"curies":[{"name":"wp","href":"https:\/\/api.w.org\/{rel}","templated":true}]}}